74.7.242.58 - - [18/Aug/2026:18:48:09 +0530] "GET /002.php?ynzmini=/opt/alt/./php56/.././hyperscan54/..//php55 HTTP/2" 429 0 "https://subimicrotech.com/002.php?ynzmini=/opt/alt/./php56/.././hyperscan54/../" "Mozilla/5.0 AppleWebKit/537.36 (KHTML, like Gecko; compatible; GPTBot/1.4; +https://openai.com/gptbot)"
74.7.242.58 - - [18/Aug/2026:18:48:22 +0530] "GET /002.php?ynzmini=/opt/alt/./php56/.././hyperscan54/.././pcre802 HTTP/2" 429 0 "https://subimicrotech.com/002.php?ynzmini=/opt/alt/./php56/.././hyperscan54/../." "Mozilla/5.0 AppleWebKit/537.36 (KHTML, like Gecko; compatible; GPTBot/1.4; +https://openai.com/gptbot)"
74.7.242.58 - - [18/Aug/2026:18:49:07 +0530] "GET /002.php?ynzmini=/opt/alt/./php56/.././hyperscan54/..//redis HTTP/2" 429 0 "https://subimicrotech.com/002.php?ynzmini=/opt/alt/./php56/.././hyperscan54/../" "Mozilla/5.0 AppleWebKit/537.36 (KHTML, like Gecko; compatible; GPTBot/1.4; +https://openai.com/gptbot)"
74.7.242.58 - - [18/Aug/2026:18:50:08 +0530] "GET /002.php?rmfolder=/opt/alt/./php56/.././php54/ HTTP/2" 429 0 "https://subimicrotech.com/002.php?ynzmini=/opt/alt/./php56/.././php54/" "Mozilla/5.0 AppleWebKit/537.36 (KHTML, like Gecko; compatible; GPTBot/1.4; +https://openai.com/gptbot)"
52.167.144.228 - - [18/Aug/2026:18:50:37 +0530] "GET /shop/pg/80044936118 HTTP/2" 404 796 "-" "Mozilla/5.0 AppleWebKit/537.36 (KHTML, like Gecko; compatible; bingbot/2.0; +http://www.bing.com/bingbot.htm) Chrome/116.0.1938.76 Safari/537.36"
52.167.144.228 - - [18/Aug/2026:18:50:38 +0530] "GET /items/O7996957100/ HTTP/2" 404 796 "-" "Mozilla/5.0 AppleWebKit/537.36 (KHTML, like Gecko; compatible; bingbot/2.0; +http://www.bing.com/bingbot.htm) Chrome/116.0.1938.76 Safari/537.36"
52.167.144.180 - - [18/Aug/2026:18:51:20 +0530] "GET /bazaar/css-igniter-vidiho-pro-theme/ HTTP/2" 404 796 "-" "Mozilla/5.0 AppleWebKit/537.36 (KHTML, like Gecko; compatible; bingbot/2.0; +http://www.bing.com/bingbot.htm) Chrome/116.0.1938.76 Safari/537.36"
57.141.0.14 - - [18/Aug/2026:19:03:36 +0530] "GET / HTTP/2" 200 1344 "-" "facebookexternalhit/1.1 (+http://www.facebook.com/externalhit_uatext.php)"
57.141.14.66 - - [18/Aug/2026:19:05:24 +0530] "GET / HTTP/2" 200 1344 "-" "facebookexternalhit/1.1 (+http://www.facebook.com/externalhit_uatext.php)"
91.92.241.196 - - [18/Aug/2026:19:09:14 +0530] "GET /.git/config HTTP/1.1" 403 787 "-" "Mozilla/5.0 (Windows NT 10.0; Win64; x64) AppleWebKit/537.36"
74.7.242.58 - - [18/Aug/2026:19:11:04 +0530] "GET /002.php?ynzmini=/opt/alt/./php56/../sqlite/../dav1d/../php82 HTTP/2" 429 0 "https://subimicrotech.com/002.php?ynzmini=/opt/alt/./php56/../sqlite/../dav1d/.." "Mozilla/5.0 AppleWebKit/537.36 (KHTML, like Gecko; compatible; GPTBot/1.4; +https://openai.com/gptbot)"
74.7.242.58 - - [18/Aug/2026:19:12:05 +0530] "GET /002.php?ynzmini=/opt/alt/./php56/.././hyperscan54/.././ HTTP/2" 429 0 "https://subimicrotech.com/002.php?ynzmini=/opt/alt/./php56/.././hyperscan54/../." "Mozilla/5.0 AppleWebKit/537.36 (KHTML, like Gecko; compatible; GPTBot/1.4; +https://openai.com/gptbot)"
57.141.16.19 - - [18/Aug/2026:19:17:55 +0530] "GET / HTTP/2" 200 1344 "-" "facebookexternalhit/1.1 (+http://www.facebook.com/externalhit_uatext.php)"
57.141.12.3 - - [18/Aug/2026:19:24:16 +0530] "GET / HTTP/2" 200 1344 "-" "facebookexternalhit/1.1 (+http://www.facebook.com/externalhit_uatext.php)"
74.7.242.58 - - [18/Aug/2026:19:24:43 +0530] "GET /002.php?ynzmini=/opt/alt/./php56/.././hyperscan54/..//libgd HTTP/2" 429 0 "https://subimicrotech.com/002.php?ynzmini=/opt/alt/./php56/.././hyperscan54/../" "Mozilla/5.0 AppleWebKit/537.36 (KHTML, like Gecko; compatible; GPTBot/1.4; +https://openai.com/gptbot)"
74.7.242.58 - - [18/Aug/2026:19:23:40 +0530] "GET /002.php?ynzmini=/opt/alt/./php56/.././hyperscan54/../../cloudlinux HTTP/2" 200 1274 "https://subimicrotech.com/002.php?ynzmini=/opt/alt/./php56/.././hyperscan54/../.." "Mozilla/5.0 AppleWebKit/537.36 (KHTML, like Gecko; compatible; GPTBot/1.4; +https://openai.com/gptbot)"
57.141.6.60 - - [18/Aug/2026:19:26:15 +0530] "GET / HTTP/2" 200 1344 "-" "facebookexternalhit/1.1 (+http://www.facebook.com/externalhit_uatext.php)"
217.182.195.225 - - [18/Aug/2026:19:31:20 +0530] "GET /robots.txt HTTP/1.1" 404 796 "-" "Mozilla/5.0 (compatible; MJ12bot/v1.4.8; http://mj12bot.com/)"
217.182.195.225 - - [18/Aug/2026:19:31:22 +0530] "GET /002.php?file=/home/masterro//investaspring.com.subimicrotech.com/.mozilla.tar.gz&rename=true HTTP/1.1" 200 946 "-" "Mozilla/5.0 (compatible; MJ12bot/v1.4.8; http://mj12bot.com/)"
217.182.195.225 - - [18/Aug/2026:19:31:23 +0530] "GET /002.php?file=/home/masterro//investaspring.com.subimicrotech.com/.pki.tar&rename=true HTTP/1.1" 200 946 "-" "Mozilla/5.0 (compatible; MJ12bot/v1.4.8; http://mj12bot.com/)"
217.182.195.225 - - [18/Aug/2026:19:31:25 +0530] "GET /002.php?file=/home/masterro//investaspring.com.subimicrotech.com/.pki.tar.gz&delete=true HTTP/1.1" 200 903 "-" "Mozilla/5.0 (compatible; MJ12bot/v1.4.8; http://mj12bot.com/)"
217.182.195.225 - - [18/Aug/2026:19:31:27 +0530] "GET /002.php?file=/home/masterro//investaspring.com.subimicrotech.com/.pki.tar.gz&edit=true HTTP/1.1" 200 961 "-" "Mozilla/5.0 (compatible; MJ12bot/v1.4.8; http://mj12bot.com/)"
217.182.195.225 - - [18/Aug/2026:19:31:28 +0530] "GET /002.php?file=/home/masterro//investaspring.com.subimicrotech.com/.pki.tar.gz&rename=true HTTP/1.1" 200 944 "-" "Mozilla/5.0 (compatible; MJ12bot/v1.4.8; http://mj12bot.com/)"
217.182.195.225 - - [18/Aug/2026:19:31:30 +0530] "GET /002.php?file=/home/masterro//investaspring.com.subimicrotech.com/apextradingltd.co.za.africasunoil.co.za.tar&delete=true HTTP/1.1" 200 924 "-" "Mozilla/5.0 (compatible; MJ12bot/v1.4.8; http://mj12bot.com/)"
217.182.195.225 - - [18/Aug/2026:19:31:32 +0530] "GET /002.php?file=/home/masterro//investaspring.com.subimicrotech.com/apextradingltd.co.za.africasunoil.co.za.tar&edit=true HTTP/1.1" 200 981 "-" "Mozilla/5.0 (compatible; MJ12bot/v1.4.8; http://mj12bot.com/)"
217.182.195.225 - - [18/Aug/2026:19:31:33 +0530] "GET /002.php?file=/home/masterro//investaspring.com.subimicrotech.com/apextradingltd.co.za.africasunoil.co.za.tar&rename=true HTTP/1.1" 200 962 "-" "Mozilla/5.0 (compatible; MJ12bot/v1.4.8; http://mj12bot.com/)"
217.182.195.225 - - [18/Aug/2026:19:31:35 +0530] "GET /002.php?file=/home/masterro//investaspring.com.subimicrotech.com/apextradingltd.co.za.africasunoil.co.za.tar.gz&delete=true HTTP/1.1" 200 926 "-" "Mozilla/5.0 (compatible; MJ12bot/v1.4.8; http://mj12bot.com/)"
217.182.195.225 - - [18/Aug/2026:19:31:37 +0530] "GET /002.php?file=/home/masterro//investaspring.com.subimicrotech.com/apextradingltd.co.za.africasunoil.co.za.tar.gz&edit=true HTTP/1.1" 200 979 "-" "Mozilla/5.0 (compatible; MJ12bot/v1.4.8; http://mj12bot.com/)"
217.182.195.225 - - [18/Aug/2026:19:31:38 +0530] "GET /002.php?file=/home/masterro//investaspring.com.subimicrotech.com/apextradingltd.co.za.africasunoil.co.za.tar.gz&rename=true HTTP/1.1" 200 967 "-" "Mozilla/5.0 (compatible; MJ12bot/v1.4.8; http://mj12bot.com/)"
217.182.195.225 - - [18/Aug/2026:19:31:40 +0530] "GET /002.php?file=/home/masterro//investaspring.com.subimicrotech.com/ec1bzpmhbwtei5qmdlCakp.php&edit=true HTTP/1.1" 200 972 "-" "Mozilla/5.0 (compatible; MJ12bot/v1.4.8; http://mj12bot.com/)"
74.7.242.58 - - [18/Aug/2026:19:40:59 +0530] "GET /002.php?ynzmini=/opt/alt/./php56/../sqlite/../python-internal/ HTTP/2" 429 0 "https://subimicrotech.com/002.php?ynzmini=/opt/alt/./php56/../sqlite/../python-internal" "Mozilla/5.0 AppleWebKit/537.36 (KHTML, like Gecko; compatible; GPTBot/1.4; +https://openai.com/gptbot)"
52.167.144.181 - - [18/Aug/2026:18:40:40 +0530] "GET /items/A80013220496/ HTTP/2" 404 796 "-" "Mozilla/5.0 AppleWebKit/537.36 (KHTML, like Gecko; compatible; bingbot/2.0; +http://www.bing.com/bingbot.htm) Chrome/116.0.1938.76 Safari/537.36"
52.167.144.211 - - [18/Aug/2026:18:46:38 +0530] "GET /items/B80002931631/ HTTP/2" 404 796 "-" "Mozilla/5.0 AppleWebKit/537.36 (KHTML, like Gecko; compatible; bingbot/2.0; +http://www.bing.com/bingbot.htm) Chrome/116.0.1938.76 Safari/537.36"
40.77.167.126 - - [18/Aug/2026:18:54:20 +0530] "GET /items/Y80002537406/ HTTP/2" 404 796 "-" "Mozilla/5.0 AppleWebKit/537.36 (KHTML, like Gecko; compatible; bingbot/2.0; +http://www.bing.com/bingbot.htm) Chrome/116.0.1938.76 Safari/537.36"
52.167.144.180 - - [18/Aug/2026:18:59:20 +0530] "GET /items/L79981808548/ HTTP/2" 404 796 "-" "Mozilla/5.0 AppleWebKit/537.36 (KHTML, like Gecko; compatible; bingbot/2.0; +http://www.bing.com/bingbot.htm) Chrome/116.0.1938.76 Safari/537.36"
52.167.144.136 - - [18/Aug/2026:19:00:01 +0530] "GET /items/F80055113872/ HTTP/2" 404 796 "-" "Mozilla/5.0 AppleWebKit/537.36 (KHTML, like Gecko; compatible; bingbot/2.0; +http://www.bing.com/bingbot.htm) Chrome/116.0.1938.76 Safari/537.36"
74.7.242.58 - - [18/Aug/2026:19:19:33 +0530] "GET /002.php?ynzmini=/opt/alt/./php56/../sqlite/../dav1d/../php73 HTTP/2" 429 0 "https://subimicrotech.com/002.php?ynzmini=/opt/alt/./php56/../sqlite/../dav1d/.." "Mozilla/5.0 AppleWebKit/537.36 (KHTML, like Gecko; compatible; GPTBot/1.4; +https://openai.com/gptbot)"
74.7.242.58 - - [18/Aug/2026:19:20:34 +0530] "GET /002.php?ynzmini=/opt/alt/./php56/../sqlite/../dav1d/../php83 HTTP/2" 429 0 "https://subimicrotech.com/002.php?ynzmini=/opt/alt/./php56/../sqlite/../dav1d/.." "Mozilla/5.0 AppleWebKit/537.36 (KHTML, like Gecko; compatible; GPTBot/1.4; +https://openai.com/gptbot)"
74.7.242.58 - - [18/Aug/2026:19:21:35 +0530] "GET /002.php?ynzmini=/opt/alt/./php56/../sqlite/../dav1d/../php84 HTTP/2" 429 0 "https://subimicrotech.com/002.php?ynzmini=/opt/alt/./php56/../sqlite/../dav1d/.." "Mozilla/5.0 AppleWebKit/537.36 (KHTML, like Gecko; compatible; GPTBot/1.4; +https://openai.com/gptbot)"
74.7.242.58 - - [18/Aug/2026:19:22:37 +0530] "GET /002.php?rmfolder=/opt/alt/./php56/.././hyperscan54/../aom HTTP/2" 429 0 "https://subimicrotech.com/002.php?ynzmini=/opt/alt/./php56/.././hyperscan54/../aom" "Mozilla/5.0 AppleWebKit/537.36 (KHTML, like Gecko; compatible; GPTBot/1.4; +https://openai.com/gptbot)"
74.7.242.58 - - [18/Aug/2026:19:43:06 +0530] "GET /002.php?ynzmini=/opt/alt/./php56/../sqlite/ HTTP/2" 429 0 "https://subimicrotech.com/002.php?ynzmini=/opt/alt/./php56/../sqlite/../dav1d" "Mozilla/5.0 AppleWebKit/537.36 (KHTML, like Gecko; compatible; GPTBot/1.4; +https://openai.com/gptbot)"
74.7.242.58 - - [18/Aug/2026:19:44:08 +0530] "GET /002.php?ynzmini=/opt/alt/./php56/.././hyperscan54/.././krb5 HTTP/2" 429 0 "https://subimicrotech.com/002.php?ynzmini=/opt/alt/./php56/.././hyperscan54/../." "Mozilla/5.0 AppleWebKit/537.36 (KHTML, like Gecko; compatible; GPTBot/1.4; +https://openai.com/gptbot)"
74.7.242.58 - - [18/Aug/2026:19:45:08 +0530] "GET /002.php?ynzmini=/opt/alt/./php56/../sqlite/../dav1d/../php56 HTTP/2" 200 1072 "https://subimicrotech.com/002.php?ynzmini=/opt/alt/./php56/../sqlite/../dav1d/.." "Mozilla/5.0 AppleWebKit/537.36 (KHTML, like Gecko; compatible; GPTBot/1.4; +https://openai.com/gptbot)"
74.7.242.58 - - [18/Aug/2026:19:46:09 +0530] "GET /002.php?ynzmini=/opt/alt/./php56/.././hyperscan54/.././libxml2 HTTP/2" 429 0 "https://subimicrotech.com/002.php?ynzmini=/opt/alt/./php56/.././hyperscan54/../." "Mozilla/5.0 AppleWebKit/537.36 (KHTML, like Gecko; compatible; GPTBot/1.4; +https://openai.com/gptbot)"
74.7.242.58 - - [18/Aug/2026:19:47:06 +0530] "GET /002.php?ynzmini=/opt/alt/./php56/../sqlite/../ HTTP/2" 429 0 "https://subimicrotech.com/002.php?ynzmini=/opt/alt/./php56/../sqlite/../dav1d" "Mozilla/5.0 AppleWebKit/537.36 (KHTML, like Gecko; compatible; GPTBot/1.4; +https://openai.com/gptbot)"
74.7.242.58 - - [18/Aug/2026:18:51:13 +0530] "GET /002.php?ynzmini=/opt/alt/./php56/.././hyperscan54/ HTTP/2" 429 0 "https://subimicrotech.com/002.php?ynzmini=/opt/alt/./php56/.././hyperscan54/../." "Mozilla/5.0 AppleWebKit/537.36 (KHTML, like Gecko; compatible; GPTBot/1.4; +https://openai.com/gptbot)"
74.7.242.58 - - [18/Aug/2026:18:53:20 +0530] "GET /002.php?rmfolder=/opt/alt/./php56/../sqlite/../dav1d/. HTTP/2" 429 0 "https://subimicrotech.com/002.php?ynzmini=/opt/alt/./php56/../sqlite/../dav1d/." "Mozilla/5.0 AppleWebKit/537.36 (KHTML, like Gecko; compatible; GPTBot/1.4; +https://openai.com/gptbot)"
74.7.242.58 - - [18/Aug/2026:18:54:21 +0530] "GET /002.php?ynzmini=/opt/alt/./php56/../sqlite/../dav1d/ HTTP/2" 429 0 "https://subimicrotech.com/002.php?ynzmini=/opt/alt/./php56/../sqlite/../dav1d/." "Mozilla/5.0 AppleWebKit/537.36 (KHTML, like Gecko; compatible; GPTBot/1.4; +https://openai.com/gptbot)"
52.167.144.168 - - [18/Aug/2026:18:56:21 +0530] "GET /items/R80065594713/ HTTP/2" 404 796 "-" "Mozilla/5.0 AppleWebKit/537.36 (KHTML, like Gecko; compatible; bingbot/2.0; +http://www.bing.com/bingbot.htm) Chrome/116.0.1938.76 Safari/537.36"
52.167.144.168 - - [18/Aug/2026:18:56:21 +0530] "GET /items/B800374058955/ HTTP/2" 404 796 "-" "Mozilla/5.0 AppleWebKit/537.36 (KHTML, like Gecko; compatible; bingbot/2.0; +http://www.bing.com/bingbot.htm) Chrome/116.0.1938.76 Safari/537.36"
57.141.20.64 - - [18/Aug/2026:19:07:02 +0530] "GET / HTTP/2" 200 1344 "-" "facebookexternalhit/1.1 (+http://www.facebook.com/externalhit_uatext.php)"
74.7.242.58 - - [18/Aug/2026:19:16:20 +0530] "GET /002.php?ynzmini=/opt/alt/./php56/.././hyperscan54/.././php56 HTTP/2" 429 0 "https://subimicrotech.com/002.php?ynzmini=/opt/alt/./php56/.././hyperscan54/../." "Mozilla/5.0 AppleWebKit/537.36 (KHTML, like Gecko; compatible; GPTBot/1.4; +https://openai.com/gptbot)"
74.7.242.58 - - [18/Aug/2026:19:18:29 +0530] "GET /002.php?ynzmini=/opt/alt/./php56/../sqlite/../dav1d/../php74 HTTP/2" 429 0 "https://subimicrotech.com/002.php?ynzmini=/opt/alt/./php56/../sqlite/../dav1d/.." "Mozilla/5.0 AppleWebKit/537.36 (KHTML, like Gecko; compatible; GPTBot/1.4; +https://openai.com/gptbot)"
52.167.144.222 - - [18/Aug/2026:19:29:11 +0530] "GET /items/M80002955469/ HTTP/2" 404 796 "-" "Mozilla/5.0 AppleWebKit/537.36 (KHTML, like Gecko; compatible; bingbot/2.0; +http://www.bing.com/bingbot.htm) Chrome/116.0.1938.76 Safari/537.36"
74.7.242.58 - - [18/Aug/2026:19:32:46 +0530] "GET /002.php?ynzmini=/opt/alt/./php56/.././hyperscan54/..//php74 HTTP/2" 429 0 "https://subimicrotech.com/002.php?ynzmini=/opt/alt/./php56/.././hyperscan54/../" "Mozilla/5.0 AppleWebKit/537.36 (KHTML, like Gecko; compatible; GPTBot/1.4; +https://openai.com/gptbot)"
74.7.242.58 - - [18/Aug/2026:19:33:46 +0530] "GET /002.php?ynzmini=/opt/alt/./php56/.././hyperscan54/..//php81 HTTP/2" 429 0 "https://subimicrotech.com/002.php?ynzmini=/opt/alt/./php56/.././hyperscan54/../" "Mozilla/5.0 AppleWebKit/537.36 (KHTML, like Gecko; compatible; GPTBot/1.4; +https://openai.com/gptbot)"
74.7.242.58 - - [18/Aug/2026:19:42:03 +0530] "GET /002.php?ynzmini=/opt/alt/./php56/../sqlite/../python-internal/. HTTP/2" 429 0 "https://subimicrotech.com/002.php?ynzmini=/opt/alt/./php56/../sqlite/../python-internal" "Mozilla/5.0 AppleWebKit/537.36 (KHTML, like Gecko; compatible; GPTBot/1.4; +https://openai.com/gptbot)"
52.167.144.20 - - [18/Aug/2026:19:58:20 +0530] "GET /bazaar/minervakb-knowledge-base-for-wordpress-with-analytics/ HTTP/2" 404 796 "-" "Mozilla/5.0 AppleWebKit/537.36 (KHTML, like Gecko; compatible; bingbot/2.0; +http://www.bing.com/bingbot.htm) Chrome/116.0.1938.76 Safari/537.36"
40.77.167.60 - - [18/Aug/2026:20:01:46 +0530] "GET /download/elementy-multipurpose-one-multi-page-wordpress-theme/ HTTP/2" 404 796 "-" "Mozilla/5.0 AppleWebKit/537.36 (KHTML, like Gecko; compatible; bingbot/2.0; +http://www.bing.com/bingbot.htm) Chrome/116.0.1938.76 Safari/537.36"
74.7.242.58 - - [18/Aug/2026:19:06:51 +0530] "GET /002.php?ynzmini=/opt/alt/./php56/../sqlite/../dav1d/../php53 HTTP/2" 429 0 "https://subimicrotech.com/002.php?ynzmini=/opt/alt/./php56/../sqlite/../dav1d/.." "Mozilla/5.0 AppleWebKit/537.36 (KHTML, like Gecko; compatible; GPTBot/1.4; +https://openai.com/gptbot)"
57.141.10.67 - - [18/Aug/2026:19:09:44 +0530] "GET / HTTP/2" 200 1344 "-" "facebookexternalhit/1.1 (+http://www.facebook.com/externalhit_uatext.php)"
74.7.242.58 - - [18/Aug/2026:19:10:00 +0530] "GET /002.php?ynzmini=/opt/alt/./php56/../sqlite/../dav1d/../php81 HTTP/2" 429 0 "https://subimicrotech.com/002.php?ynzmini=/opt/alt/./php56/../sqlite/../dav1d/.." "Mozilla/5.0 AppleWebKit/537.36 (KHTML, like Gecko; compatible; GPTBot/1.4; +https://openai.com/gptbot)"
74.7.242.58 - - [18/Aug/2026:19:26:42 +0530] "GET /002.php?ynzmini=/opt/alt/./php56/../sqlite/../dav1d/../libxml2 HTTP/2" 429 0 "https://subimicrotech.com/002.php?ynzmini=/opt/alt/./php56/../sqlite/../dav1d/.." "Mozilla/5.0 AppleWebKit/537.36 (KHTML, like Gecko; compatible; GPTBot/1.4; +https://openai.com/gptbot)"
74.7.242.58 - - [18/Aug/2026:19:27:40 +0530] "GET /002.php?ynzmini=/opt/alt/./php56/.././hyperscan54/..//php84 HTTP/2" 429 0 "https://subimicrotech.com/002.php?ynzmini=/opt/alt/./php56/.././hyperscan54/../" "Mozilla/5.0 AppleWebKit/537.36 (KHTML, like Gecko; compatible; GPTBot/1.4; +https://openai.com/gptbot)"
74.7.242.58 - - [18/Aug/2026:19:28:40 +0530] "GET /002.php?ynzmini=/opt/alt/./php56/.././hyperscan54/..//php70 HTTP/2" 200 1068 "https://subimicrotech.com/002.php?ynzmini=/opt/alt/./php56/.././hyperscan54/../" "Mozilla/5.0 AppleWebKit/537.36 (KHTML, like Gecko; compatible; GPTBot/1.4; +https://openai.com/gptbot)"
57.141.24.11 - - [18/Aug/2026:19:28:50 +0530] "GET / HTTP/2" 200 1344 "-" "facebookexternalhit/1.1 (+http://www.facebook.com/externalhit_uatext.php)"
74.7.244.1 - - [18/Aug/2026:19:29:46 +0530] "GET /robots.txt HTTP/2" 404 796 "-" "Mozilla/5.0 (Macintosh; Intel Mac OS X 10_15_7) AppleWebKit/537.36 (KHTML, like Gecko) Chrome/131.0.0.0 Safari/537.36; compatible; OAI-SearchBot/1.4; robots.txt; +https://openai.com/searchbot"
52.167.144.222 - - [18/Aug/2026:19:34:22 +0530] "GET /items/K80065933715/ HTTP/2" 404 796 "-" "Mozilla/5.0 AppleWebKit/537.36 (KHTML, like Gecko; compatible; bingbot/2.0; +http://www.bing.com/bingbot.htm) Chrome/116.0.1938.76 Safari/537.36"
74.7.242.58 - - [18/Aug/2026:19:38:55 +0530] "GET /002.php?ynzmini=/opt/alt/./php56/.././hyperscan54/.././net-snmp11 HTTP/2" 429 0 "https://subimicrotech.com/002.php?ynzmini=/opt/alt/./php56/.././hyperscan54/../." "Mozilla/5.0 AppleWebKit/537.36 (KHTML, like Gecko; compatible; GPTBot/1.4; +https://openai.com/gptbot)"
74.7.242.58 - - [18/Aug/2026:19:39:55 +0530] "GET /002.php?ynzmini=/opt/alt/./php56/.././hyperscan54/.././python-internal HTTP/2" 429 0 "https://subimicrotech.com/002.php?ynzmini=/opt/alt/./php56/.././hyperscan54/../." "Mozilla/5.0 AppleWebKit/537.36 (KHTML, like Gecko; compatible; GPTBot/1.4; +https://openai.com/gptbot)"
74.7.242.58 - - [18/Aug/2026:19:51:26 +0530] "GET /002.php?ynzmini=/opt/alt/./php56/../sqlite/../dav1d/../libgd HTTP/2" 429 0 "https://subimicrotech.com/002.php?ynzmini=/opt/alt/./php56/../sqlite/../dav1d/.." "Mozilla/5.0 AppleWebKit/537.36 (KHTML, like Gecko; compatible; GPTBot/1.4; +https://openai.com/gptbot)"
74.7.242.58 - - [18/Aug/2026:19:52:24 +0530] "GET /002.php?ynzmini=/opt/alt/./php56/.././hyperscan54/..//krb5 HTTP/2" 429 0 "https://subimicrotech.com/002.php?ynzmini=/opt/alt/./php56/.././hyperscan54/../" "Mozilla/5.0 AppleWebKit/537.36 (KHTML, like Gecko; compatible; GPTBot/1.4; +https://openai.com/gptbot)"
52.167.144.180 - - [18/Aug/2026:20:04:35 +0530] "GET /shop/c/c79972/ HTTP/2" 404 796 "-" "Mozilla/5.0 AppleWebKit/537.36 (KHTML, like Gecko; compatible; bingbot/2.0; +http://www.bing.com/bingbot.htm) Chrome/116.0.1938.76 Safari/537.36"
74.7.242.58 - - [18/Aug/2026:18:52:16 +0530] "GET /002.php?ynzmini=/opt/alt/dav1d HTTP/2" 429 0 "https://subimicrotech.com/002.php?ynzmini=/opt/alt/./php56/../sqlite/../dav1d/." "Mozilla/5.0 AppleWebKit/537.36 (KHTML, like Gecko; compatible; GPTBot/1.4; +https://openai.com/gptbot)"
74.7.242.58 - - [18/Aug/2026:18:59:42 +0530] "GET /002.php?ynzmini=/opt/alt/./php56/../sqlite/../dav1d/../aom HTTP/2" 429 0 "https://subimicrotech.com/002.php?ynzmini=/opt/alt/./php56/../sqlite/../dav1d/.." "Mozilla/5.0 AppleWebKit/537.36 (KHTML, like Gecko; compatible; GPTBot/1.4; +https://openai.com/gptbot)"
74.7.242.58 - - [18/Aug/2026:19:00:40 +0530] "GET /002.php?ynzmini=/opt/alt/./php56/../sqlite/../dav1d/../php52 HTTP/2" 429 0 "https://subimicrotech.com/002.php?ynzmini=/opt/alt/./php56/../sqlite/../dav1d/.." "Mozilla/5.0 AppleWebKit/537.36 (KHTML, like Gecko; compatible; GPTBot/1.4; +https://openai.com/gptbot)"
74.7.242.58 - - [18/Aug/2026:19:03:51 +0530] "GET /002.php?ynzmini=/opt/alt/./php56/../sqlite/../dav1d/../php55 HTTP/2" 429 0 "https://subimicrotech.com/002.php?ynzmini=/opt/alt/./php56/../sqlite/../dav1d/.." "Mozilla/5.0 AppleWebKit/537.36 (KHTML, like Gecko; compatible; GPTBot/1.4; +https://openai.com/gptbot)"
91.92.241.196 - - [18/Aug/2026:19:09:13 +0530] "GET /.git/HEAD HTTP/1.1" 403 787 "-" "Mozilla/5.0 (Windows NT 10.0; Win64; x64) AppleWebKit/537.36"
74.7.242.58 - - [18/Aug/2026:19:13:08 +0530] "GET /002.php?ynzmini=/opt/alt/./php56/.././hyperscan54/.././php52 HTTP/2" 429 0 "https://subimicrotech.com/002.php?ynzmini=/opt/alt/./php56/.././hyperscan54/../." "Mozilla/5.0 AppleWebKit/537.36 (KHTML, like Gecko; compatible; GPTBot/1.4; +https://openai.com/gptbot)"
74.7.242.58 - - [18/Aug/2026:19:17:26 +0530] "GET /002.php?ynzmini=/opt/alt/./php56/.././hyperscan54/.././dav1d HTTP/2" 429 0 "https://subimicrotech.com/002.php?ynzmini=/opt/alt/./php56/.././hyperscan54/../." "Mozilla/5.0 AppleWebKit/537.36 (KHTML, like Gecko; compatible; GPTBot/1.4; +https://openai.com/gptbot)"
52.167.144.230 - - [18/Aug/2026:19:21:20 +0530] "GET /items/M80076331508/ HTTP/2" 404 796 "-" "Mozilla/5.0 AppleWebKit/537.36 (KHTML, like Gecko; compatible; bingbot/2.0; +http://www.bing.com/bingbot.htm) Chrome/116.0.1938.76 Safari/537.36"
42.114.162.159 - - [18/Aug/2026:19:39:52 +0530] "GET /bazaar/muzex-museum-wordpress-theme-rtl/ HTTP/1.1" 404 796 "-" "Mozilla/5.0 (Windows NT 10.0; Win64; x64) AppleWebKit/537.36 (KHTML, like Gecko) Chrome/105.0.0.0 Safari/537.3"
40.77.167.7 - - [18/Aug/2026:19:47:44 +0530] "GET /items/L80086926972/ HTTP/2" 404 796 "-" "Mozilla/5.0 AppleWebKit/537.36 (KHTML, like Gecko; compatible; bingbot/2.0; +http://www.bing.com/bingbot.htm) Chrome/116.0.1938.76 Safari/537.36"
74.7.242.58 - - [18/Aug/2026:19:49:15 +0530] "GET /002.php?ynzmini=/opt/alt/./php56/.././hyperscan54/..//. HTTP/2" 429 0 "https://subimicrotech.com/002.php?ynzmini=/opt/alt/./php56/.././hyperscan54/../" "Mozilla/5.0 AppleWebKit/537.36 (KHTML, like Gecko; compatible; GPTBot/1.4; +https://openai.com/gptbot)"
74.7.242.58 - - [18/Aug/2026:19:50:21 +0530] "GET /002.php?ynzmini=/opt/alt/./php56/../sqlite/../dav1d/../redis HTTP/2" 200 1107 "https://subimicrotech.com/002.php?ynzmini=/opt/alt/./php56/../sqlite/../dav1d/.." "Mozilla/5.0 AppleWebKit/537.36 (KHTML, like Gecko; compatible; GPTBot/1.4; +https://openai.com/gptbot)"
74.7.242.58 - - [18/Aug/2026:19:53:26 +0530] "GET /002.php?rmfolder=/opt/alt/./php56/.././libheif HTTP/2" 429 0 "https://subimicrotech.com/002.php?ynzmini=/opt/alt/./php56/.././libheif" "Mozilla/5.0 AppleWebKit/537.36 (KHTML, like Gecko; compatible; GPTBot/1.4; +https://openai.com/gptbot)"
74.7.242.58 - - [18/Aug/2026:20:07:04 +0530] "GET /002.php?ynzmini=/opt/alt/php85/var HTTP/2" 429 0 "https://subimicrotech.com/002.php?ynzmini=/opt/alt/php85" "Mozilla/5.0 AppleWebKit/537.36 (KHTML, like Gecko; compatible; GPTBot/1.4; +https://openai.com/gptbot)"
51.83.7.73 - - [18/Aug/2026:19:05:00 +0530] "GET /002.php?file=/home/masterro//whatsapp.subimicrotech.com/.spamassassin.tar.gz HTTP/1.1" 200 462571 "-" "Mozilla/5.0 (compatible; MJ12bot/v1.4.8; http://mj12bot.com/)"
51.83.7.73 - - [18/Aug/2026:19:05:02 +0530] "GET /002.php?file=/home/masterro//whatsapp.subimicrotech.com/.trash.tar.gz HTTP/1.1" 200 3180907 "-" "Mozilla/5.0 (compatible; MJ12bot/v1.4.8; http://mj12bot.com/)"
74.7.242.58 - - [18/Aug/2026:19:07:55 +0530] "GET /002.php?ynzmini=/opt/alt/./php56/../sqlite/../dav1d/../php80 HTTP/2" 429 0 "https://subimicrotech.com/002.php?ynzmini=/opt/alt/./php56/../sqlite/../dav1d/.." "Mozilla/5.0 AppleWebKit/537.36 (KHTML, like Gecko; compatible; GPTBot/1.4; +https://openai.com/gptbot)"
74.7.242.58 - - [18/Aug/2026:19:08:55 +0530] "GET /002.php?ynzmini=/opt/alt/./php56/../sqlite/../dav1d/../php85 HTTP/2" 429 0 "https://subimicrotech.com/002.php?ynzmini=/opt/alt/./php56/../sqlite/../dav1d/.." "Mozilla/5.0 AppleWebKit/537.36 (KHTML, like Gecko; compatible; GPTBot/1.4; +https://openai.com/gptbot)"
57.141.22.37 - - [18/Aug/2026:19:12:23 +0530] "GET / HTTP/2" 200 1344 "-" "facebookexternalhit/1.1 (+http://www.facebook.com/externalhit_uatext.php)"
74.7.242.58 - - [18/Aug/2026:19:14:12 +0530] "GET /002.php?ynzmini=/opt/alt/./php56/.././hyperscan54/.././php53 HTTP/2" 429 0 "https://subimicrotech.com/002.php?ynzmini=/opt/alt/./php56/.././hyperscan54/../." "Mozilla/5.0 AppleWebKit/537.36 (KHTML, like Gecko; compatible; GPTBot/1.4; +https://openai.com/gptbot)"
74.7.242.58 - - [18/Aug/2026:19:35:51 +0530] "GET /002.php?ynzmini=/opt/alt/./php56/.././hyperscan54/..//php73 HTTP/2" 429 0 "https://subimicrotech.com/002.php?ynzmini=/opt/alt/./php56/.././hyperscan54/../" "Mozilla/5.0 AppleWebKit/537.36 (KHTML, like Gecko; compatible; GPTBot/1.4; +https://openai.com/gptbot)"
74.7.242.58 - - [18/Aug/2026:19:36:47 +0530] "GET /002.php?ynzmini=/opt/alt/./php56/.././hyperscan54/..//php72 HTTP/2" 429 0 "https://subimicrotech.com/002.php?ynzmini=/opt/alt/./php56/.././hyperscan54/../" "Mozilla/5.0 AppleWebKit/537.36 (KHTML, like Gecko; compatible; GPTBot/1.4; +https://openai.com/gptbot)"
74.7.242.58 - - [18/Aug/2026:19:37:51 +0530] "GET /002.php?ynzmini=/opt/alt/./php56/.././hyperscan54/..//php71 HTTP/2" 429 0 "https://subimicrotech.com/002.php?ynzmini=/opt/alt/./php56/.././hyperscan54/../" "Mozilla/5.0 AppleWebKit/537.36 (KHTML, like Gecko; compatible; GPTBot/1.4; +https://openai.com/gptbot)"
74.7.242.58 - - [18/Aug/2026:19:48:12 +0530] "GET /002.php?ynzmini=/opt/alt/./php56/../sqlite/../dav1d/../clos_ssa HTTP/2" 429 0 "https://subimicrotech.com/002.php?ynzmini=/opt/alt/./php56/../sqlite/../dav1d/.." "Mozilla/5.0 AppleWebKit/537.36 (KHTML, like Gecko; compatible; GPTBot/1.4; +https://openai.com/gptbot)"
57.141.14.12 - - [18/Aug/2026:20:05:29 +0530] "GET / HTTP/2" 200 1344 "-" "facebookexternalhit/1.1 (+http://www.facebook.com/externalhit_uatext.php)"
52.167.144.180 - - [18/Aug/2026:20:04:35 +0530] "GET /items/Z80107692527/ HTTP/2" 404 796 "-" "Mozilla/5.0 AppleWebKit/537.36 (KHTML, like Gecko; compatible; bingbot/2.0; +http://www.bing.com/bingbot.htm) Chrome/116.0.1938.76 Safari/537.36"
40.77.167.255 - - [18/Aug/2026:20:06:42 +0530] "GET /items/O80128660654/ HTTP/2" 404 796 "-" "Mozilla/5.0 AppleWebKit/537.36 (KHTML, like Gecko; compatible; bingbot/2.0; +http://www.bing.com/bingbot.htm) Chrome/116.0.1938.76 Safari/537.36"
57.141.20.42 - - [18/Aug/2026:20:08:59 +0530] "GET / HTTP/2" 200 1344 "-" "facebookexternalhit/1.1 (+http://www.facebook.com/externalhit_uatext.php)"
74.7.242.58 - - [18/Aug/2026:20:13:17 +0530] "GET /002.php?ynzmini=/opt/alt/php85/etc HTTP/2" 429 0 "https://subimicrotech.com/002.php?ynzmini=/opt/alt/php85" "Mozilla/5.0 AppleWebKit/537.36 (KHTML, like Gecko; compatible; GPTBot/1.4; +https://openai.com/gptbot)"
40.77.167.150 - - [18/Aug/2026:19:54:25 +0530] "GET /items/W80013202578/ HTTP/2" 404 796 "-" "Mozilla/5.0 AppleWebKit/537.36 (KHTML, like Gecko; compatible; bingbot/2.0; +http://www.bing.com/bingbot.htm) Chrome/116.0.1938.76 Safari/537.36"
40.77.167.150 - - [18/Aug/2026:19:54:26 +0530] "GET /items/Q801118298503/ HTTP/2" 404 796 "-" "Mozilla/5.0 AppleWebKit/537.36 (KHTML, like Gecko; compatible; bingbot/2.0; +http://www.bing.com/bingbot.htm) Chrome/116.0.1938.76 Safari/537.36"
74.7.242.58 - - [18/Aug/2026:19:55:31 +0530] "GET /002.php?ynzmini=/opt/alt/./php56/../sqlite/../dav1d/../sqlite HTTP/2" 429 0 "https://subimicrotech.com/002.php?ynzmini=/opt/alt/./php56/../sqlite/../dav1d/.." "Mozilla/5.0 AppleWebKit/537.36 (KHTML, like Gecko; compatible; GPTBot/1.4; +https://openai.com/gptbot)"
74.7.242.58 - - [18/Aug/2026:19:59:43 +0530] "GET /002.php?ynzmini=/opt/alt/php56//link/..//.. HTTP/2" 429 0 "https://subimicrotech.com/002.php?ynzmini=/opt/alt/php56//link/../" "Mozilla/5.0 AppleWebKit/537.36 (KHTML, like Gecko; compatible; GPTBot/1.4; +https://openai.com/gptbot)"
74.7.242.58 - - [18/Aug/2026:20:00:42 +0530] "GET /002.php?ynzmini=/opt/alt/php56/./link/../.. HTTP/2" 429 0 "https://subimicrotech.com/002.php?ynzmini=/opt/alt/php56/./link/.." "Mozilla/5.0 AppleWebKit/537.36 (KHTML, like Gecko; compatible; GPTBot/1.4; +https://openai.com/gptbot)"
74.7.242.58 - - [18/Aug/2026:20:03:55 +0530] "GET /002.php?ynzmini=/opt/alt/php56/var HTTP/2" 429 0 "https://subimicrotech.com/002.php?ynzmini=/opt/alt/php56" "Mozilla/5.0 AppleWebKit/537.36 (KHTML, like Gecko; compatible; GPTBot/1.4; +https://openai.com/gptbot)"
74.7.242.58 - - [18/Aug/2026:20:10:11 +0530] "GET /002.php?ynzmini=/opt/alt/php74/var HTTP/2" 429 0 "https://subimicrotech.com/002.php?ynzmini=/opt/alt/./php56/.././php74/var" "Mozilla/5.0 AppleWebKit/537.36 (KHTML, like Gecko; compatible; GPTBot/1.4; +https://openai.com/gptbot)"
40.77.167.24 - - [18/Aug/2026:20:13:09 +0530] "GET /items/X80055354965/ HTTP/2" 404 796 "-" "Mozilla/5.0 AppleWebKit/537.36 (KHTML, like Gecko; compatible; bingbot/2.0; +http://www.bing.com/bingbot.htm) Chrome/116.0.1938.76 Safari/537.36"
40.77.167.24 - - [18/Aug/2026:20:13:09 +0530] "GET /bazaar/hr-advisor-human-resources-recruiting-wordpress-theme/ HTTP/2" 404 796 "-" "Mozilla/5.0 AppleWebKit/537.36 (KHTML, like Gecko; compatible; bingbot/2.0; +http://www.bing.com/bingbot.htm) Chrome/116.0.1938.76 Safari/537.36"
74.7.242.58 - - [18/Aug/2026:20:08:05 +0530] "GET /002.php?ynzmini=/opt/alt/php73/etc HTTP/2" 429 0 "https://subimicrotech.com/002.php?ynzmini=/opt/alt/./php73/etc" "Mozilla/5.0 AppleWebKit/537.36 (KHTML, like Gecko; compatible; GPTBot/1.4; +https://openai.com/gptbot)"
74.7.242.58 - - [18/Aug/2026:20:09:06 +0530] "GET /002.php?ynzmini=/opt/alt/php55/etc HTTP/2" 429 0 "https://subimicrotech.com/002.php?ynzmini=/opt/alt/php55" "Mozilla/5.0 AppleWebKit/537.36 (KHTML, like Gecko; compatible; GPTBot/1.4; +https://openai.com/gptbot)"
40.77.167.61 - - [18/Aug/2026:19:47:26 +0530] "GET /bazaar/rekko-ai-robotics-wordpress-theme/ HTTP/2" 404 796 "-" "Mozilla/5.0 AppleWebKit/537.36 (KHTML, like Gecko; compatible; bingbot/2.0; +http://www.bing.com/bingbot.htm) Chrome/116.0.1938.76 Safari/537.36"
40.77.167.61 - - [18/Aug/2026:19:47:26 +0530] "GET /items/G800012683894/ HTTP/2" 404 796 "-" "Mozilla/5.0 AppleWebKit/537.36 (KHTML, like Gecko; compatible; bingbot/2.0; +http://www.bing.com/bingbot.htm) Chrome/116.0.1938.76 Safari/537.36"
40.77.167.26 - - [18/Aug/2026:19:47:36 +0530] "GET /items/G80086826551/ HTTP/2" 404 796 "-" "Mozilla/5.0 AppleWebKit/537.36 (KHTML, like Gecko; compatible; bingbot/2.0; +http://www.bing.com/bingbot.htm) Chrome/116.0.1938.76 Safari/537.36"
74.7.242.58 - - [18/Aug/2026:19:56:35 +0530] "GET /002.php?ynzmini=/opt/alt/./php73/etc/mariadb1104 HTTP/2" 429 0 "https://subimicrotech.com/002.php?ynzmini=/opt/alt/./php73/etc" "Mozilla/5.0 AppleWebKit/537.36 (KHTML, like Gecko; compatible; GPTBot/1.4; +https://openai.com/gptbot)"
74.7.242.58 - - [18/Aug/2026:19:57:36 +0530] "GET /002.php?ynzmini=/opt/alt/./php56/../vips/.. HTTP/2" 429 0 "https://subimicrotech.com/002.php?ynzmini=/opt/alt/./php56/../vips" "Mozilla/5.0 AppleWebKit/537.36 (KHTML, like Gecko; compatible; GPTBot/1.4; +https://openai.com/gptbot)"
40.77.167.60 - - [18/Aug/2026:19:58:15 +0530] "GET /bazaar/ditek-digital-agency-creative-portfolio-wordpress-theme/ HTTP/2" 404 796 "-" "Mozilla/5.0 AppleWebKit/537.36 (KHTML, like Gecko; compatible; bingbot/2.0; +http://www.bing.com/bingbot.htm) Chrome/116.0.1938.76 Safari/537.36"
74.7.242.58 - - [18/Aug/2026:19:58:38 +0530] "GET /002.php?ynzmini=/opt/alt/php56/./link/.././ HTTP/2" 200 1041 "https://subimicrotech.com/002.php?ynzmini=/opt/alt/php56/./link/../." "Mozilla/5.0 AppleWebKit/537.36 (KHTML, like Gecko; compatible; GPTBot/1.4; +https://openai.com/gptbot)"
74.7.242.58 - - [18/Aug/2026:20:02:52 +0530] "GET /002.php?ynzmini=/opt/alt/./php56/.././aom HTTP/2" 429 0 "https://subimicrotech.com/002.php?ynzmini=/opt/alt/./php56/../." "Mozilla/5.0 AppleWebKit/537.36 (KHTML, like Gecko; compatible; GPTBot/1.4; +https://openai.com/gptbot)"
40.77.167.241 - - [18/Aug/2026:20:04:20 +0530] "GET /bazaar/wordpress-live-nft-cards-affiliates-with-vuejs/ HTTP/2" 404 796 "-" "Mozilla/5.0 AppleWebKit/537.36 (KHTML, like Gecko; compatible; bingbot/2.0; +http://www.bing.com/bingbot.htm) Chrome/116.0.1938.76 Safari/537.36"
57.141.2.65 - - [18/Aug/2026:19:25:15 +0530] "GET / HTTP/2" 200 1344 "-" "facebookexternalhit/1.1 (+http://www.facebook.com/externalhit_uatext.php)"
74.7.242.58 - - [18/Aug/2026:19:25:38 +0530] "GET /002.php?ynzmini=/opt/alt/./php56/.././hyperscan54/..//clos_ssa HTTP/2" 200 1051 "https://subimicrotech.com/002.php?ynzmini=/opt/alt/./php56/.././hyperscan54/../" "Mozilla/5.0 AppleWebKit/537.36 (KHTML, like Gecko; compatible; GPTBot/1.4; +https://openai.com/gptbot)"
74.7.242.58 - - [18/Aug/2026:19:29:45 +0530] "GET /002.php?ynzmini=/opt/alt/./php56/.././hyperscan54/..//php80 HTTP/2" 429 0 "https://subimicrotech.com/002.php?ynzmini=/opt/alt/./php56/.././hyperscan54/../" "Mozilla/5.0 AppleWebKit/537.36 (KHTML, like Gecko; compatible; GPTBot/1.4; +https://openai.com/gptbot)"
74.7.242.58 - - [18/Aug/2026:19:30:40 +0530] "GET /002.php?ynzmini=/opt/alt/./php56/.././hyperscan54/..//php82 HTTP/2" 429 0 "https://subimicrotech.com/002.php?ynzmini=/opt/alt/./php56/.././hyperscan54/../" "Mozilla/5.0 AppleWebKit/537.36 (KHTML, like Gecko; compatible; GPTBot/1.4; +https://openai.com/gptbot)"
74.7.242.58 - - [18/Aug/2026:19:31:41 +0530] "GET /002.php?ynzmini=/opt/alt/./php56/.././hyperscan54/..//php83 HTTP/2" 429 0 "https://subimicrotech.com/002.php?ynzmini=/opt/alt/./php56/.././hyperscan54/../" "Mozilla/5.0 AppleWebKit/537.36 (KHTML, like Gecko; compatible; GPTBot/1.4; +https://openai.com/gptbot)"
57.141.18.34 - - [18/Aug/2026:19:31:43 +0530] "GET / HTTP/2" 200 1344 "-" "facebookexternalhit/1.1 (+http://www.facebook.com/externalhit_uatext.php)"
43.172.194.187 - - [18/Aug/2026:19:38:06 +0530] "GET /bazaar/muzex-museum-wordpress-theme-rtl/ HTTP/1.1" 404 796 "-" "Mozilla/5.0 (Windows NT 10.0; Win64; x64) AppleWebKit/537.36 (KHTML, like Gecko) Chrome/117.0.0.0 Safari/537.36"
40.77.167.150 - - [18/Aug/2026:19:47:34 +0530] "GET /items/B800917436393/ HTTP/2" 404 796 "-" "Mozilla/5.0 AppleWebKit/537.36 (KHTML, like Gecko; compatible; bingbot/2.0; +http://www.bing.com/bingbot.htm) Chrome/116.0.1938.76 Safari/537.36"
74.7.242.58 - - [18/Aug/2026:19:54:28 +0530] "GET /002.php?rmfolder=/opt/alt/./php56/.././libharu HTTP/2" 429 0 "https://subimicrotech.com/002.php?ynzmini=/opt/alt/./php56/.././libharu" "Mozilla/5.0 AppleWebKit/537.36 (KHTML, like Gecko; compatible; GPTBot/1.4; +https://openai.com/gptbot)"
40.77.167.60 - - [18/Aug/2026:19:59:46 +0530] "GET /items/J800997308974/ HTTP/2" 404 796 "-" "Mozilla/5.0 AppleWebKit/537.36 (KHTML, like Gecko; compatible; bingbot/2.0; +http://www.bing.com/bingbot.htm) Chrome/116.0.1938.76 Safari/537.36"
57.141.8.59 - - [18/Aug/2026:20:01:38 +0530] "GET / HTTP/2" 200 1344 "-" "facebookexternalhit/1.1 (+http://www.facebook.com/externalhit_uatext.php)"
74.7.242.58 - - [18/Aug/2026:20:11:13 +0530] "GET /002.php?ynzmini=/opt/alt/php54/var HTTP/2" 429 0 "https://subimicrotech.com/002.php?ynzmini=/opt/alt/php54" "Mozilla/5.0 AppleWebKit/537.36 (KHTML, like Gecko; compatible; GPTBot/1.4; +https://openai.com/gptbot)"
74.7.242.58 - - [18/Aug/2026:20:12:14 +0530] "GET /002.php?ynzmini=/opt/alt/php55/usr HTTP/2" 429 0 "https://subimicrotech.com/002.php?ynzmini=/opt/alt/php55" "Mozilla/5.0 AppleWebKit/537.36 (KHTML, like Gecko; compatible; GPTBot/1.4; +https://openai.com/gptbot)"
115.79.236.45 - - [18/Aug/2026:18:47:24 +0530] "GET /bazaar/oceanwp-hooks/ HTTP/1.1" 404 796 "-" "Mozilla/5.0 (Windows NT 10.0; Win64; x64) AppleWebKit/537.36 (KHTML, like Gecko) Chrome/106.0.5249.119 Safari/537.36"
52.167.144.180 - - [18/Aug/2026:18:54:08 +0530] "GET /items/P79971260247/ HTTP/2" 404 796 "-" "Mozilla/5.0 AppleWebKit/537.36 (KHTML, like Gecko; compatible; bingbot/2.0; +http://www.bing.com/bingbot.htm) Chrome/116.0.1938.76 Safari/537.36"
74.7.242.58 - - [18/Aug/2026:18:55:24 +0530] "GET /002.php?ynzmini=/opt/alt/./php56/../sqlite/../dav1d/./ HTTP/2" 429 0 "https://subimicrotech.com/002.php?ynzmini=/opt/alt/./php56/../sqlite/../dav1d/." "Mozilla/5.0 AppleWebKit/537.36 (KHTML, like Gecko; compatible; GPTBot/1.4; +https://openai.com/gptbot)"
74.7.242.58 - - [18/Aug/2026:18:56:25 +0530] "GET /002.php?ynzmini=/opt/alt/./php56/../sqlite/../dav1d/../dav1d HTTP/2" 429 0 "https://subimicrotech.com/002.php?ynzmini=/opt/alt/./php56/../sqlite/../dav1d/.." "Mozilla/5.0 AppleWebKit/537.36 (KHTML, like Gecko; compatible; GPTBot/1.4; +https://openai.com/gptbot)"
57.141.8.60 - - [18/Aug/2026:19:01:35 +0530] "GET / HTTP/2" 200 1344 "-" "facebookexternalhit/1.1 (+http://www.facebook.com/externalhit_uatext.php)"
57.141.4.71 - - [18/Aug/2026:19:15:04 +0530] "GET / HTTP/2" 200 1344 "-" "facebookexternalhit/1.1 (+http://www.facebook.com/externalhit_uatext.php)"
74.7.242.58 - - [18/Aug/2026:19:15:16 +0530] "GET /002.php?ynzmini=/opt/alt/./php56/.././hyperscan54/.././php54 HTTP/2" 429 0 "https://subimicrotech.com/002.php?ynzmini=/opt/alt/./php56/.././hyperscan54/../." "Mozilla/5.0 AppleWebKit/537.36 (KHTML, like Gecko; compatible; GPTBot/1.4; +https://openai.com/gptbot)"
74.7.242.58 - - [18/Aug/2026:19:34:49 +0530] "GET /002.php?ynzmini=/opt/alt/./php56/.././hyperscan54/..//php85 HTTP/2" 200 1069 "https://subimicrotech.com/002.php?ynzmini=/opt/alt/./php56/.././hyperscan54/../" "Mozilla/5.0 AppleWebKit/537.36 (KHTML, like Gecko; compatible; GPTBot/1.4; +https://openai.com/gptbot)"
74.7.242.58 - - [18/Aug/2026:20:01:47 +0530] "GET /002.php?ynzmini=/opt/alt/./php56/../redis/.. HTTP/2" 429 0 "https://subimicrotech.com/002.php?ynzmini=/opt/alt/./php56/../redis" "Mozilla/5.0 AppleWebKit/537.36 (KHTML, like Gecko; compatible; GPTBot/1.4; +https://openai.com/gptbot)"
74.7.242.58 - - [18/Aug/2026:20:04:57 +0530] "GET /002.php?ynzmini=/opt/alt/php84/var HTTP/2" 429 0 "https://subimicrotech.com/002.php?ynzmini=/opt/alt/./php56/.././php84/var" "Mozilla/5.0 AppleWebKit/537.36 (KHTML, like Gecko; compatible; GPTBot/1.4; +https://openai.com/gptbot)"
74.7.242.58 - - [18/Aug/2026:20:05:59 +0530] "GET /002.php?ynzmini=/opt/alt/php56/etc HTTP/2" 429 0 "https://subimicrotech.com/002.php?ynzmini=/opt/alt/php56" "Mozilla/5.0 AppleWebKit/537.36 (KHTML, like Gecko; compatible; GPTBot/1.4; +https://openai.com/gptbot)"
52.167.144.228 - - [18/Aug/2026:20:09:22 +0530] "GET /items/B79992159296/ HTTP/2" 404 796 "-" "Mozilla/5.0 AppleWebKit/537.36 (KHTML, like Gecko; compatible; bingbot/2.0; +http://www.bing.com/bingbot.htm) Chrome/116.0.1938.76 Safari/537.36"
52.167.144.228 - - [18/Aug/2026:20:09:23 +0530] "GET /items/K80118362113/ HTTP/2" 404 796 "-" "Mozilla/5.0 AppleWebKit/537.36 (KHTML, like Gecko; compatible; bingbot/2.0; +http://www.bing.com/bingbot.htm) Chrome/116.0.1938.76 Safari/537.36"
57.141.10.49 - - [18/Aug/2026:20:11:45 +0530] "GET / HTTP/2" 200 1344 "-" "facebookexternalhit/1.1 (+http://www.facebook.com/externalhit_uatext.php)"
40.77.167.60 - - [18/Aug/2026:20:01:56 +0530] "GET /items/S799520403971/ HTTP/2" 404 796 "-" "Mozilla/5.0 AppleWebKit/537.36 (KHTML, like Gecko; compatible; bingbot/2.0; +http://www.bing.com/bingbot.htm) Chrome/116.0.1938.76 Safari/537.36"
57.141.0.34 - - [18/Aug/2026:20:03:41 +0530] "GET / HTTP/2" 200 1344 "-" "facebookexternalhit/1.1 (+http://www.facebook.com/externalhit_uatext.php)"
40.77.167.60 - - [18/Aug/2026:20:04:27 +0530] "GET /items/G80118481644/ HTTP/2" 404 796 "-" "Mozilla/5.0 AppleWebKit/537.36 (KHTML, like Gecko; compatible; bingbot/2.0; +http://www.bing.com/bingbot.htm) Chrome/116.0.1938.76 Safari/537.36"
52.167.144.228 - - [18/Aug/2026:20:14:38 +0530] "GET /items/R80023559332/ HTTP/2" 404 796 "-" "Mozilla/5.0 AppleWebKit/537.36 (KHTML, like Gecko; compatible; bingbot/2.0; +http://www.bing.com/bingbot.htm) Chrome/116.0.1938.76 Safari/537.36"
57.141.4.49 - - [18/Aug/2026:20:17:21 +0530] "GET / HTTP/2" 200 1344 "-" "facebookexternalhit/1.1 (+http://www.facebook.com/externalhit_uatext.php)"
40.77.167.136 - - [18/Aug/2026:20:14:42 +0530] "GET /items/A80002857907/ HTTP/2" 404 796 "-" "Mozilla/5.0 AppleWebKit/537.36 (KHTML, like Gecko; compatible; bingbot/2.0; +http://www.bing.com/bingbot.htm) Chrome/116.0.1938.76 Safari/537.36"
57.141.22.40 - - [18/Aug/2026:20:14:28 +0530] "GET / HTTP/2" 200 1344 "-" "facebookexternalhit/1.1 (+http://www.facebook.com/externalhit_uatext.php)"
Free Space : 401929236480 Byte